 4*x - n. Suppose -x + 22 = -4*g. List the prime factors of g.
2, 5
Suppose 66 = 2*l + 4*q, -5 = l - 5*q - 17. What are the prime factors of l?
3
Suppose 28 = 6*v - 200. List the prime factors of v.
2, 19
Let j(n) = n**2 - 2*n + 2. Let l be j(3). Suppose -l*w + 48 = -37. List the prime factors of w.
17
Let v(o) = 3*o**2 - 5*o + 3. Suppose -z = -6*z + 15. What are the prime factors of v(z)?
3, 5
Let v = -32 + 68. Suppose 0*t + 4*i + v = 4*t, 0 = -4*t - 2*i + 24. List the prime factors of t.
7
Suppose 2*x - 1 = 9. Let k(j) = -j**3 + 6*j**2 + 3*j - 6. Let m be k(x). Let w = m - 14. What are the prime factors of w?
2, 5
Let b be 205/7 - 2/7. Suppose b = y - 3*h, 3*y - 4*y + 21 = h. List the prime factors of 9/(-6) - y/(-2).
2, 5
Let t be (4/(-2))/2*-34. Suppose -t = -l - l. What are the prime factors of l?
17
Suppose -i - 6 = -3*i. Suppose 0 - i = -3*q. What are the prime factors of 4*(4 + -2)*q?
2
Let u(p) be the first derivative of -3*p**2/2 + 8*p - 2. Let i be u(-6). Suppose -k - i = -5*v, -4*v - 4*k + 5*k = -20. What are the prime factors of v?
2, 3
Suppose 2*x - 62 = -2*v, 7*v = 3*v - 5*x + 125. List the prime factors of v.
2, 3, 5
Let o = -27 - -49. Let c = o + -11. List the prime factors of c.
11
Suppose -2*q + q = -2. Suppose 0 = -q*n - 4 + 14. Suppose y = 0, 0*y - n*y - 24 = -3*k. What are the prime factors of k?
2
Let n = 3 - 1. Suppose -22 = -n*o + 4. What are the prime factors of o?
13
Let p be 0 + 2 - (-5 - -7). Suppose 0*f + 2*f - 88 = p. What are the prime factors of f?
2, 11
Suppose 0 = 4*n + n. Let t(f) = -4*f**2 + f + 10 - 2*f + 3*f**2. List the prime factors of t(n).
2, 5
Suppose -5*l + 45 = 5*d, 5*d - 4 - 33 = -3*l. Suppose 4*c + d*t = 109, 2*t = c + 3*c - 74. What are the prime factors of c?
3, 7
Suppose 5*w = 4*o - 15, 0*o + 2*o = -4*w + 14. Suppose 20 = -o*x - 25. Let u = -2 - x. List the prime factors of u.
7
Suppose -9 + 33 = 4*d + 2*i, 4*i - 6 = -d. What are the prime factors of d/((-6)/2) + 29?
3
Suppose 72 + 113 = 5*s. What are the prime factors of s?
37
Let d be 1*11/2*2. Suppose 4*c - 37 = f, 0*c = -2*c + 3*f + d. List the prime factors of c.
2, 5
Suppose -846 = -s - 2*s. What are the prime factors of s?
2, 3, 47
Let x be (7/14)/(1/12). List the prime factors of (-8 + x)/(4/(-34)).
17
Suppose 4*z = -0*z + 8. Suppose 5*q - 3*x = 30, 0 = q + z*x + 3*x + 22. Suppose -10 + q = -s. List the prime factors of s.
7
Let i(c) = -86*c**3 - 1. What are the prime factors of i(-1)?
5, 17
Let a(u) = -3*u**3 - 4*u**2 - 4*u - 2. Let n be a(-2). Let f(j) = -j**3 - 5*j**2 + 5*j - 3. Let y be f(-6). Suppose y*r + n = 47. List the prime factors of r.
11
Suppose 0*l = -l + 4. Suppose -3*a = -l*o - 59, 0 = -5*a + 4*o + 118 - 25. What are the prime factors of a?
17
Suppose -4*f + 0*f = -16. Suppose 4*a - 4 = -4*g + 5*a, -2*g - 12 = -f*a. What are the prime factors of g?
2
Let l = -255 - -557. List the prime factors of l.
2, 151
Suppose 0 = -4*h + 19 + 1. Let k(c) = -c**2 + h + 3*c + c + 2*c. List the prime factors of k(6).
5
Let n = 114 + -81. Suppose -3*a - 6 = -n. What are the prime factors of a?
3
Let q(j) = 2*j. Let l be q(-1). Let h = 4 + l. List the prime factors of h.
2
Let i(d) = -d**2 - 7*d - 5. Let p be i(-7). Let y = p + -6. Let a = -7 - y. List the prime factors of a.
2
Let n be 0 - (9/(-3) + -9). Let j(m) = 2*m + 4. What are the prime factors of j(n)?
2, 7
Suppose 0 = g + 3*c - 5, 4*g + c = -0*c + 42. List the prime factors of g.
11
Let v = 55 - 47. What are the prime factors of v?
2
Suppose -r + 6*r = 15. List the prime factors of r.
3
Let h(m) = m**3 - 2*m**2 + 4*m + 5. List the prime factors of h(4).
53
Let c(n) = -n + 1. Let x be c(5). Let d(o) = -o**3 - 3*o**2 - 2*o - 2. What are the prime factors of d(x)?
2, 11
Suppose 3*k + k = 224. List the prime factors of k.
2, 7
Let i(w) = 5*w**2 + 2*w**2 - 11*w**3 - 5*w**2 - w - 3*w**2. List the prime factors of i(-1).
11
Let w(h) = 2*h**2 + 5*h + 7. List the prime factors of w(-5).
2
Let k(d) = -8*d - 5. Let o be k(-5). Suppose -o = -3*q + 1. What are the prime factors of q?
2, 3
Suppose 3*y = 4 + 17. What are the prime factors of y?
7
Suppose -13*g + 522 + 3105 = 0. What are the prime factors of g?
3, 31
Suppose -17*p + 8 = -16*p. Let n = -154 + 268. List the prime factors of (-5)/20 + n/p.
2, 7
Suppose 80 = 2*c + 5*u, u + 12 = -2*u. What are the prime factors of c?
2, 5
List the prime factors of -3*10/(-3 - -1).
3, 5
Let p(j) = -j**2 + 9*j + 12. Let c be p(10). Let k = c - -16. What are the prime factors of k?
2, 3
Let v(u) = -4*u + 4. Let b(f) = -3*f + 3. Let a(k) = 5*b(k) - 4*v(k). What are the prime factors of a(7)?
2, 3
Let g(i) = -i**2 - 12*i - 1. Let r be g(-7). Let q = -21 + r. List the prime factors of q.
13
Let p(c) = -c**2 - 3 + 1 + 4 + 4*c. Let l be p(3). Let v(o) = -o**2 + 6*o + 4. What are the prime factors of v(l)?
3
Suppose 5*j = -0*j. Let o be 6 - 4 - (-2 - j). Suppose 0 = 5*m - m + 2*k - 34, -19 = -o*m + 3*k. What are the prime factors of m?
7
Suppose -6 = -3*o, -22 = r - 5*r - 3*o. Suppose -r*g - g = 10. What are the prime factors of g/(-2) - (-20)/4?
2, 3
Let v(o) = -3*o - 2. Let h be v(2). Let z = -6 - h. Suppose -z = -3*f + f, 0 = -4*i - 5*f + 33. What are the prime factors of i?
7
Let z = 202 + -12. List the prime factors of z.
2, 5, 19
Suppose 4*k + 10 - 114 = 0. Suppose i - 135 = -5*r, 161 = 5*r - i + k. List the prime factors of r.
3
Let p(z) = z + 40. List the prime factors of p(0).
2, 5
Let g be -2 + 2 + 1 + 5. Suppose 2*f + f = g. What are the prime factors of f*-1 + 8 + 2?
2
Let b(f) = -2*f + 4. Let v be (-1)/(1 + (-8)/10). What are the prime factors of b(v)?
2, 7
Suppose 0 = -3*v - v + 12. Suppose -v*p = -23 + 5. List the prime factors of p.
2, 3
Suppose -3*m = 3*g - 78, 0 = -0*g - g - 2*m + 28. List the prime factors of g.
2, 3
Let b(m) = -m**2 - 6*m - 6. Let l be b(-4). Suppose -l*r + 6 = r. Suppose -2*f - 4*q + 16 = 0, 0 = f - r*f - 4*q + 14. What are the prime factors of f?
2
Suppose 0 = 2*s + 7 - 17. Let f be (20/(-30))/((-1)/(-6)). What are the prime factors of f/((30/(-27))/s)?
2, 3
Suppose 4*l - 8 = -0. Suppose -s + 0 = -l. What are the prime factors of s?
2
List the prime factors of (-2)/(-4) + 250/20.
13
Suppose 726 = 5*y + r - 943, y - 2*r = 325. What are the prime factors of y?
3, 37
Let a(g) = -g**2 + 3*g + 2. Let w be a(2). Let j = 8 - w. Suppose j*u - 2*u = 20. List the prime factors of u.
2, 5
Let d(c) = 4*c - 8. Let a(k) = k - 3. Let i(r) = 7*a(r) - 2*d(r). Let f be i(-7). Suppose f = b, 2*m + m - 29 = -b. List the prime factors of m.
3
Let t(y) = y + 4. Let n(o) = 5*o + 21. Let p(a) = -2*n(a) + 11*t(a). Let s be p(2). What are the prime factors of (-9*s/(-6))/2?
3
Let z be ((-1)/(-2))/(3/24). Suppose -2*r = -v - 5*r + 24, -3*r + 60 = z*v. What are the prime factors of v?
2, 3
Let o = 2 + -2. Suppose o = 4*w + 16, -2*t = -t + 2*w - 22. List the prime factors of t.
2, 3, 5
Let t = 4 + -7. List the prime factors of t/(-1)*24/4.
2, 3
Let o(k) = -k**3 + 10*k**2 + 13*k - 9. Suppose -3*h - 4*m = -4*h + 7, -5*h = -5*m - 50. List the prime factors of o(h).
13
Let x = -6 - -10. Suppose 2*k - x*k = -14. What are the prime factors of k?
7
Let b(s) = -33*s - 5. Let h be b(-2). Suppose 0*u - 3*v - h = -2*u, 2*u = -v + 73. List the prime factors of u.
5, 7
Suppose 0 = -4*a - 4*f + 72, -f = -a - 0*f + 28. List the prime factors of a.
23
Let a = 7 - 9. Let p be 3 + a + (-4)/(-2). Suppose 2*c + p*x - 5 = 4, -3*c - 3*x = -12. What are the prime factors of c?
3
Suppose -4*d = -3*w - 9, -11 = -4*d + 2*w + 3. Suppose 5*g - 4 = d. Suppose -4*h - 50 = -5*x, -5*x - 12 = -g*h - 52. What are the prime factors of x?
2, 3
Suppose -3 = d + 1. List the prime factors of d/14 + 72/7.
2, 5
Let x(s) be the third derivative of s**6/360 + s**5/120 - s**4/12 + 2*s**2. Let n(r) be the second derivative of x(r). List the prime factors of n(5).
11
Let g(t) = -7*t - 4. Let j be g(-3). Suppose 0 = -3*z - 2*r + 38, -j = -2*z + r + 13. List the prime factors of z.
2, 7
Suppose 4*n - 60 = -0*n. Suppose 0*f - 5*f - n = 0. What are the prime factors of 2*f/6 - -10?
3
Suppose -5*y + 5*o + 355 = 0, 3*y + 3*o - 24 - 201 = 0. List the prime factors of y.
73
Let l be (0 + 1)/1 + 11. Suppose -3*v + 4*v - l = 0. List the prime factors of v.
2, 3
Let b(j) = 3*j. Let p(l) = -l - 2. Le